 is the value of (4 + -11 - 4) + 13 + 3?
5
What is -8 + 7 + 0 + -6 + 11?
4
What is the value of (-1 - -3) + 3 + 6?
11
Evaluate (10 - 8) + (-14 - 2).
-14
Calculate 41 + -25 + 26 + -20.
22
(0 - 2 - (8 + -4 + -3)) + -3
-6
Calculate (-1 - 2 - 20) + (27 - 21) + 7.
-10
(69 - 78) + 23 + (2 - 8)
8
Calculate 30 + -37 - (-8 - -2) - (-2 + 0).
1
Calculate (-70 - -35 - -15) + 0 + -1 + -1.
-22
Evaluate -27 + 4 - (-1 + -2 + -4) - -1.
-15
Calculate 2 - ((1 - -16) + -4) - -43.
32
Calculate 9 - (-6 + 5 + 2 + 1) - 27.
-20
(-11 - (13 - 7)) + 15 - (1 + -1)
-2
Calculate 9 + -2 + (-5 - (10 - 4 - 15)).
11
Calculate 2 + 1 + (-10 - 0) + (-55 - -30).
-32
Calculate -817 - -827 - (2 + -7).
15
Calculate -1 + -3 + (3 - -11) + 1 + -1.
10
What is 6 - (-3 - 6 - -7) - 16?
-8
Calculate 0 + 3 - (4 + 4) - -9.
4
What is 1 - (-13 - 2) - 14?
2
Calculate 16 + -28 - (1 - 24).
11
What is the value of (-271 - -293) + (1 + 2 - -2)?
27
What is the value of 3 + (-5 - 3) + (18 - (-2 - -3))?
12
(0 - -1) + (-263 - -280)
18
What is 2 + -12 + (-23 - (-19 - 2)) - -8?
-4
What is the value of 25 + 12 + (-15 - 5) + -3?
14
Evaluate (13 - (32 - 39)) + -34.
-14
Calculate 17 + 1 - (35 + -22).
5
Calculate -6 + (4 - -1) + -4 - (3 - 5).
-3
-5 + 16 + 1 + 1 + (5 - -1)
19
What is the value of (285 - 301 - (1 - (5 + 0))) + 7?
-5
What is 0 - (-18 + 17 + -13)?
14
12 + -106 - -99 - (-11 - (-1 - -1))
16
What is 0 + -4 + 23 + 11 + -14?
16
Calculate 4 - (-11 + 8) - (6 + -6 + -1).
8
11 - (6 + (-4 - -6 - 3))
6
Evaluate (-1 - -2) + -2 + (411 - 441) + 11.
-20
Calculate (38 + -18 - 25) + -10.
-15
What is the value of -19 - -19 - ((-3 - -4) + -7 + 4)?
2
What is 9 + 36 + -33 - -12?
24
Calculate -9 - ((-33 - -21) + (4 - (0 + -3))).
-4
What is the value of (18 - 22 - -7) + -16?
-13
What is the value of 26 + -9 + (-5 - 16)?
-4
Evaluate -11 - (-30 + 19) - -19.
19
0 + 0 + (-58 - -42)
-16
Evaluate 7 - 0 - (72 - 53).
-12
Calculate -6 + (7 - 1) + 2 + -11 - 1.
-10
What is the value of (46 - -9) + -27 - 4?
24
(-2 - 0) + (2 - (9 + -4)) + 9
4
What is -1 - (13 + -11 + 8)?
-11
What is (1 - 35) + 463 + -441?
-12
Calculate 1 + -2 + 0 - (-350 + 365).
-16
What is (-8 - (-11 - -12)) + 26?
17
Calculate -8 + -2 + -5 + 2 + 0.
-13
Calculate 28 + (-3 + -8 - 24).
-7
Calculate 6 + 0 + 14 + -11 + 1 + 3.
13
Calculate -16 + (12 - 0) + 3.
-1
Evaluate 7 + (-19 - -10) + -8.
-10
Calculate 1 + -1 + -6 + 9 + 7 + -11.
-1
What is the value of (-91 - -45) + 61 + (0 - -5)?
20
-10 + -8 + -18 + 4 + 5 - -2
-25
Calculate (-4 - 0 - 0) + 144 + -152.
-12
What is -6 - (-40 + (15 - -3))?
16
(-9 - (-8 - -16)) + 3 - 8
-22
Calculate 6 + (-3 - (4 - 5)) + -14.
-10
What is -184 + 180 - (0 + 2 - 14)?
8
What is 10 - 0 - (71 - (10 - -48))?
-3
What is -1 + (-6 - -10) + -3 - -2?
2
What is the value of (-28 - 1) + -3 + -15 + (55 - 33)?
-25
What is the value of 277 - 267 - (2 - (-1 - (2 + -22)))?
27
What is -4 - (42 + -44 + (-1 - -8))?
-9
Evaluate -8 + (21 - (-6 - -12)) + -15.
-8
What is the value of 6 - (4 - (12 - 8 - 0))?
6
(10 - -1) + (-27 - -20) + 32 + -13
23
What is 17 + -33 + 18 - (5 - 3)?
0
Calculate (173 - 179) + (-5 + 3 - -2) + 28.
22
What is (-24 + 2 - 0) + (42 - 34)?
-14
(1 - -2 - -1) + 1436 + -1421
19
Evaluate 1 - 0 - 1 - ((-14 - -24) + -14).
4
What is the value of -11 + -18 + 34 - 10?
-5
What is (3 - 22) + (1 - -26 - 24)?
-16
Evaluate -1 + -1 - ((4 - (10 - 4)) + -4).
4
What is -43 + 0 + (-3138 - -3202)?
21
Evaluate (19 - 4 - 7) + -4 - (2 - -10).
-8
Evaluate 1 + (-1 - -9 - (2 - (15 + -30))).
-8
Evaluate (20 - 21 - (-10 - 1)) + -7.
3
Calculate 1 + 9 - 0 - (21 + -117 - -103).
3
What is the value of (-20 - -1) + -323 + 343?
1
What is 17 + 1 + (-22 - -14)?
10
3 - (-1 - (1 + 3) - (385 + -391))
2
(5 - (4 + 5)) + -6 + 8 + -5
-7
Evaluate -23 - (11 - 26) - -6.
-2
What is (1 - -20) + (9 - 11)?
19
0 + (-12 - (7 - 3)) - (28 + -33)
-11
What is 3 + (4 - 4) + (9 - (-1 - -1))?
12
3 - (-10 - -12 - -11)
-10
Evaluate 7 - (-1 + -8 + 28) - -7.
-5
What is the value of (-1 - 3) + 8 + (1 - 0 - 10)?
-5
What is -1 + (7 - (-2 - (1 - -1))) - 4?
6
Calculate (13 - 5) + -5 + (10 + 1 - 4).
10
-8 - (-9 + -4 + 9)
-4
What is the value of -10 - (3 - 13) - 8?
-8
What is the value of (-41 - -22) + 23 + -17 + 0?
-13
What is the value of -84 + 113 + -1 + -14?
14
What is the value of (8 - 4) + 4 - -5 - 1 - -5?
17
What is (13 + (0 + 9 - 8) - 8) + -8?
-2
What is (-3 - -9 - (3 + 9)) + 13?
7
Calculate 27 + (-11 - -35) - 35.
16
-34 + 44 + 0 + 15 + -2 + -3
20
What is -59 - (29 + -54 + -8)?
-26
(-3 + -5 - (-1 + -5)) + 12
10
Evaluate -9 + 0 - (-3 + 4) - (2 + -2).
-10
Calculate (6 - ((-9 + 6 - -3) + 38)) + 9.
-23
Evaluate 523 + -531 - (-8 + (0 - 1)).
1
What is the value of (1 - -10) + (-10 - -8) + 128 + -128?
9
(-10 - (-20 + 9)) + 10
11
What is (15 + -3 - 22) + 12?
2
What is (2 - 2) + -1 + (5 - -9)?
13
What is the value of 13 - (0 + (11 - 5)) - 14?
-7
What is -32 + 34 + -1 + 0?
1
2 - 2 - (4 + 1 + 6)
-11
What is -3 - 3 - ((-5 - 1) + 6) - -2?
-4
-12 - (17 + -33 - (-1 + -9))
-6
Evaluate (13 - 6) + -8 - -8.
7
Calculate -21 - (32 + -42 + -28).
17
Evaluate 22 + (-6 - 1) + (4 - (-10 + 13)).
16
-30 - -38 - (-1 + 4 + -4)
9
Evaluate 5 + 4 + -10 - (0 + 3).
-4
0 - ((6 - -13) + -11)
-8
What is the value of (-2 - -24) + -15 - (10 + -2)?
-1
-3 - 4 - 1 - (-28 - -22)
-2
Evaluate 21 - (-2 + (1 - (-9 + 7 + 4))).
24
7 - (-21 + -16 + 21) - 0
23
(1 - 1 - 3 - 9) + -4 + 6
-10
What is the value of 3 + (-54 - -22) - -17?
-12
21 - (20 - (-18 + 38))
21
11 + (-31 - -19) + -6 + 0 - -21
14
Evaluate 2 + (6 + 0 - (37 + -18 + 7)).
-18
What is the value of 3 + (-1 - -5 - -2) + 8 + -12?
5
Calculate (5 + -9 + 2 - 19) + (0 - -2).
-19
What is (-7 - -16) + (10 - 29)?
-10
What is -2 + (0 - -5) + -4 - 0?
-1
Evaluate (5 - -2 - 2) + (-7 - (7 + -12)).
3
What is 1 + 3 - (-514 + 535)?
-17
What is 5 - 0 - (13 + (7 - 17))?
2
Calculate -6 - (-4 + (-6 - (2 - 9)) + 4).
-7
-13 + 1 - (-57 - -55)
-10
(-2 - -4 - -4) + -344 + 357
19
4 - -2 - (20 + -17) - (-2 + -2)
7
Calculate 9 + (9 - 5) + -11 - 10.
-8
What is 12 + -15 + 10 - (0 + -11)?
18
What is the value of -7 - (-26 + 8) - 37?
-26
-4 + (16 + 6 - 10)
8
(3 - (4 - 8)) + (-3 - -7 - 10)
1
Calculate 9 + 1 + -8 + (-1 - 0 - 12).
-11
Calculate (2 - (-22 - -29)) + 0.
-5
What is the value of ((-13 - -2) + (6 - 5) - -3) + 4?
-3
Calculate -7 + 0 + 1 + 2 - (19 - 17).
-6
Calculate 4 - 13 - (-31 - -15).
7
Calculate 4 + -6 + (-3 - -10) + -15.
-10
What is -12 - (-8 + (0 - -5) + -5)?
-4
What is the value of 2 + -1 + (-12 + 10 - (3 + -1))?
-3
What is -17 + (-24 + 10 - -30)?
-1
What is the value of -10 + 10 + 23 + -16?
7
What is the value of -6 + (-2 - 4 - (146 + -151))?
-7
Evaluate 5 + 3 - (9 + -7 + 8 + -15).
13
Evaluate -2 + -6 - -2 - (70 - 64).
-12
Evaluate -17 + -8 + 19 - -13.
7
Calculate (-12 - -12 - -6) + -10 - (-5 + -1).
2
What is 58 + -44 + 14 + -11?
17
Evaluate -40 - (-22 - 9) - (-2 - (-2 - -24)).
15
16 + 1 - (8 + -8 - (2 - 1))
18
-3 - (0 + 4 - (-9 - -4))
-12
What is (52 + -59 - (3 - 6)) + (1 - 2)?
-5
What is the value of (-1 - 6 - -15) + (1 - (-18 + 4))?
23
What is the value of (-1 - -2 - 18) + 4 + 36 + -50?
-27
Calculate -32 + 0 - -25 - 2.
-9
-43 - (20 - (18 + 22)) - (4 + 2)
-29
Evaluate (-3 + -1 - (1 + -4 + -13)) + 2.
14
What is 28 + -6 + -11 + 1 + -9?
3
What is 0 - 17 - (0 + 6 - (-2 + 0))?
-25
Calculate -2 - (-7 - 2) - (-121 - -117).
11
9 - -10 - 13 - 3
3
What is the value of -1 + -19 - (-581 + 562)?
-1
What is the value of (-7 - (6 - 6) - (12 - 2)) + -11?
-28
-35 + -23 + 28 - -13
-17
Calculate (8 - 31 - -11) + 11.
-1
What is the value of -10 + 0 - (33 - 25 - (-3 - -12))?
-9
What is -9 + -9 + 9 + -16?
-25
Evaluate -11 + 10 + -3 + 8 + 4 + -25.
-17
Calculate -1 + 13 - (-30 - -49).
-7
Evaluate 3 + (-7 - (-2 - 3) - (-3 - -8)).
-4
Calculate 0 - 52 - (780 - 810).
-22
Evaluate (3 - (0 + -2)) + -381 + 366.
-10
What is 13 - (17 - (-4 - -12))?
4
What is the value of (-11 - 1 - -8) + 14 + -4 + 3?
9
Calculate 662 + -664 + (1 - (-40 + 0)).
39
Calculate 49 + -22 + (-15 - 1) + 7.
18
(-2 - (2 - 0)) + 129 + -117 + -22
-14
Calculate 15 - (0 + 15 + -2).
2
(-1 - 8) + 175 + -168
-2
-2 - ((-10 - (-5 + -9)) + 3)
-9
What is -14 + (23 - 8) + -1 + 0 + 5?
5
Calculate 1 + -4 - (-13 - -17 - 13).
6
Calculate (1 - -8) + (7 - 24) + -5.
-13
Evaluate (2 - -2 - 20) + 20 + -39.
-35
Evaluate -13 + -17 + (8 - -15).
-7
Calculate 1 + -8 + 1 + 48 + -60.
-18
13 + (-